e prime factors of 12595265.
5, 173, 14561
What are the prime factors of 228056?
2, 29, 983
What are the prime factors of 4391934?
2, 3, 29, 43, 587
List the prime factors of 548057.
709, 773
What are the prime factors of 251711?
37, 6803
What are the prime factors of 565429?
565429
What are the prime factors of 65551?
65551
What are the prime factors of 2487?
3, 829
What are the prime factors of 66542?
2, 7, 97
List the prime factors of 1880168.
2, 197, 1193
List the prime factors of 1958193.
3, 217577
List the prime factors of 25053991.
25053991
What are the prime factors of 205323?
3, 89, 769
List the prime factors of 216206.
2, 17, 6359
What are the prime factors of 795463?
37, 21499
What are the prime factors of 27201732?
2, 3, 23, 67, 1471
What are the prime factors of 7409033?
47, 157639
What are the prime factors of 9916206?
2, 3, 1652701
What are the prime factors of 921217?
11, 83, 1009
What are the prime factors of 2743252?
2, 31, 22123
List the prime factors of 26255099.
13, 2019623
What are the prime factors of 10562266?
2, 11, 13, 36931
List the prime factors of 461978.
2, 11, 23, 83
List the prime factors of 187319.
11, 17029
What are the prime factors of 24168?
2, 3, 19, 53
List the prime factors of 68397.
3, 7, 3257
What are the prime factors of 222231?
3, 74077
List the prime factors of 25242757.
41, 615677
What are the prime factors of 3464648?
2, 11, 39371
What are the prime factors of 2041265?
5, 19, 21487
List the prime factors of 851157.
3, 94573
What are the prime factors of 2369187?
3, 67, 3929
What are the prime factors of 89038?
2, 44519
List the prime factors of 17761256.
2, 2220157
List the prime factors of 1540171.
1540171
List the prime factors of 19201.
7, 13, 211
What are the prime factors of 85355?
5, 43, 397
List the prime factors of 128400.
2, 3, 5, 107
List the prime factors of 4263919.
11, 131, 269
What are the prime factors of 138687?
3, 46229
What are the prime factors of 1714728?
2, 3, 37, 1931
List the prime factors of 3314702.
2, 19, 4591
List the prime factors of 2597778.
2, 3, 73, 659
What are the prime factors of 1010536?
2, 126317
What are the prime factors of 1038556?
2, 259639
List the prime factors of 3366261.
3, 374029
What are the prime factors of 27370?
2, 5, 7, 17, 23
List the prime factors of 2994197.
31, 96587
What are the prime factors of 1633362?
2, 3, 272227
What are the prime factors of 9144679?
9144679
List the prime factors of 407448.
2, 3, 5659
What are the prime factors of 102213?
3, 41, 277
List the prime factors of 286598.
2, 13, 73, 151
What are the prime factors of 6323112?
2, 3, 53, 1657
List the prime factors of 2593545.
3, 5, 43, 4021
What are the prime factors of 252091?
7, 36013
What are the prime factors of 392514?
2, 3, 65419
List the prime factors of 283665.
3, 5, 18911
List the prime factors of 910163.
17, 37, 1447
List the prime factors of 136596.
2, 3, 11383
What are the prime factors of 13113622?
2, 1831, 3581
List the prime factors of 8557881.
3, 83, 34369
List the prime factors of 350592.
2, 3, 11, 83
List the prime factors of 117838.
2, 7, 19, 443
What are the prime factors of 330586?
2, 165293
List the prime factors of 14272699.
7, 2038957
What are the prime factors of 5925694?
2, 461, 6427
List the prime factors of 188306.
2, 94153
List the prime factors of 241841.
59, 4099
List the prime factors of 2377661.
11, 13, 1279
List the prime factors of 8979896.
2, 53, 21179
What are the prime factors of 33658?
2, 16829
What are the prime factors of 7980269?
11, 725479
What are the prime factors of 1252?
2, 313
List the prime factors of 560535.
3, 5, 37369
What are the prime factors of 4626492?
2, 3, 13, 47, 631
What are the prime factors of 115971?
3, 29, 31, 43
What are the prime factors of 23146?
2, 71, 163
List the prime factors of 23483667.
3, 23, 211, 1613
What are the prime factors of 285651?
3, 17, 1867
List the prime factors of 470893.
43, 47, 233
What are the prime factors of 591849?
3, 65761
What are the prime factors of 9370684?
2, 2342671
What are the prime factors of 10924596?
2, 3, 73, 4157
What are the prime factors of 1075816?
2, 7, 19211
What are the prime factors of 759925?
5, 113, 269
What are the prime factors of 261608?
2, 53, 617
What are the prime factors of 191362?
2, 163, 587
What are the prime factors of 169524?
2, 3, 17, 277
List the prime factors of 36738815.
5, 227, 32369
What are the prime factors of 10451936?
2, 11, 23, 1291
List the prime factors of 1927964.
2, 163, 2957
What are the prime factors of 2883468?
2, 3, 7, 34327
What are the prime factors of 3162169?
587, 5387
What are the prime factors of 152870?
2, 5, 15287
List the prime factors of 2572.
2, 643
What are the prime factors of 1734840?
2, 3, 5, 61, 79
List the prime factors of 1319819.
29, 71, 641
What are the prime factors of 3386983?
3386983
What are the prime factors of 25655127?
3, 53, 317, 509
What are the prime factors of 6107307?
3, 593, 3433
What are the prime factors of 1457451?
3, 67, 2417
List the prime factors of 3869156.
2, 967289
What are the prime factors of 181561?
47, 3863
List the prime factors of 2590842.
2, 3, 431807
What are the prime factors of 185482?
2, 11, 8431
What are the prime factors of 3560233?
569, 6257
List the prime factors of 204557.
204557
List the prime factors of 478254.
2, 3, 7, 59, 193
List the prime factors of 872975.
5, 34919
What are the prime factors of 113180?
2, 5, 5659
List the prime factors of 114641.
114641
What are the prime factors of 3915170?
2, 5, 7, 55931
What are the prime factors of 7461484?
2, 1865371
What are the prime factors of 108040?
2, 5, 37, 73
What are the prime factors of 1129657?
229, 4933
What are the prime factors of 5993097?
3, 11, 181609
List the prime factors of 1506518.
2, 13, 57943
List the prime factors of 914801.
914801
List the prime factors of 1906654.
2, 23, 181, 229
What are the prime factors of 244089?
3, 37, 733
What are the prime factors of 7905?
3, 5, 17, 31
List the prime factors of 415036.
2, 19, 43, 127
What are the prime factors of 34476289?
17, 2028017
List the prime factors of 28932082.
2, 29, 103, 167
What are the prime factors of 12748711?
12748711
List the prime factors of 972674.
2, 59, 8243
What are the prime factors of 251550?
2, 3, 5, 13, 43
What are the prime factors of 18450604?
2, 73, 179, 353
List the prime factors of 551292.
2, 3, 7, 6563
List the prime factors of 37897971.
3, 12632657
What are the prime factors of 1558363?
43, 36241
What are the prime factors of 824110?
2, 5, 7, 61, 193
List the prime factors of 5103921.
3, 1701307
What are the prime factors of 440929?
17, 37, 701
List the prime factors of 1668467.
1668467
What are the prime factors of 89655?
3, 5, 43, 139
What are the prime factors of 31027272?
2, 3, 491, 2633
List the prime factors of 62164.
2, 15541
List the prime factors of 164232.
2, 3, 2281
What are the prime factors of 312528?
2, 3, 17, 383
What are the prime factors of 1801515?
3, 5, 83, 1447
List the prime factors of 384448.
2, 6007
List the prime factors of 2758532.
2, 7, 98519
What are the prime factors of 545585?
5, 19, 5743
List the prime factors of 2504705.
5, 7, 71563
What are the prime factors of 826531?
59, 14009
What are the prime factors of 118587?
3, 7, 5647
What are the prime factors of 428947?
31, 101, 137
What are the prime factors of 8241489?
3, 89, 10289
What are the prime factors of 2541586?
2, 241, 5273
List the prime factors of 1583227.
17, 93131
What are the prime factors of 14402526?
2, 3, 409, 5869
List the prime factors of 4202967.
3, 1400989
List the prime factors of 2265516.
2, 3, 11, 1907
What are the prime factors of 476190?
2, 3, 5, 11, 13, 37
What are the prime factors of 1179064?
2, 19, 7757
List the prime factors of 481951.
29, 16619
What are the prime factors of 3606727?
3606727
What are the prime factors of 46501?
7, 13, 73
List the prime factors of 888769.
7, 126967
List the prime factors of 222478.
2, 173, 643
List the prime factors of 2457659.
139, 17681
What are the prime factors of 85189?
13, 6553
List the prime factors of 140397.
3, 53, 883
What are the prime factors of 1089006?
2, 3, 181501
What are the prime factors of 8561499?
3, 2853833
What are the prime factors of 1132899?
3, 377633
What are the pr